of s(1)?
7
Suppose 15 = 2*n + 5. Suppose 15 = -3*u, -1 = -0*i + 3*i + n*u. What is the units digit of i?
8
Let a(i) = 6 + 0*i - 2*i - 8 - 13. What is the units digit of a(-14)?
3
Let p be 6/(-3) + 1 + -3. Let s be 5/((-50)/p)*-10. What is the units digit of (24/9)/(s/(-6))?
4
Let y(n) = n + 9. Let h be y(-7). Let l be (4/h)/(1/(-3)). Let q(a) = a**2 + 4*a - 4. What is the units digit of q(l)?
8
Let h be (4/8)/(1/60). What is the units digit of ((-36)/h)/(6/(-20))?
4
What is the hundreds digit of (-2)/(-16) - (-1159)/8?
1
Suppose 3*g - 7 = 2*d + 2, -g = 2*d - 11. Suppose 4*z - 34 = -2*m, g*m - 36 = -z + 22. What is the units digit of m?
1
Let d = -2 + 10. What is the units digit of d?
8
Suppose -3*i = -x - 41 - 262, 5*i - 3*x = 509. What is the hundreds digit of i?
1
Let s(k) = 3*k**2 + 3*k + 17. What is the units digit of s(-7)?
3
Suppose 28 = -4*b + 72. Suppose -4*i = i - 4*d - 15, 3*i - 2*d - b = 0. What is the units digit of i?
7
Suppose 0 = 4*u + u - 10. Let k(o) = 7*o + 0 + 1 - 2. What is the tens digit of k(u)?
1
Suppose -3*n - 3*n + 546 = 0. What is the tens digit of n?
9
What is the tens digit of (-2140)/(-60) - (-8)/6?
3
Suppose -5*o = 4*n - 2*o - 212, -162 = -3*n - 3*o. What is the tens digit of n?
5
Suppose r = -r + 92. What is the units digit of r?
6
Let c(i) = 4*i**2 - 1. What is the tens digit of c(-2)?
1
Let v(z) be the second derivative of -z**3/6 - 2*z. Let l be v(-3). What is the units digit of 26/l + 8/(-12)?
8
Let s(k) = -5*k + 12 - k - k**2 + k + 4*k - k**3. What is the units digit of s(0)?
2
Let c(b) = -b + 1. Let z be c(-4). Suppose -3*y = -z - 7. Suppose y*u = -2 + 18. What is the units digit of u?
4
Let h be -2 + 4 - 4/2. Let n(x) = -x**2 - x. Let q be n(h). Suppose 2*s = -q*l - 2*l + 28, 5*l + 34 = 3*s. What is the units digit of s?
3
Let x = 3 - 3. Let r be x/(5 + -2 - 2). Suppose -5*n = -r*n - 10. What is the units digit of n?
2
Let y(f) = f**3 + 6*f**2 - f + 4. Let c be 64/(-10) - (-6)/15. What is the tens digit of y(c)?
1
Suppose j + 2*j + 9 = 0. Let q(g) be the third derivative of -g**4/12 + 2*g**3/3 + 2*g**2. What is the units digit of q(j)?
0
Let y = 13 + -16. What is the tens digit of 9/(y + (-14)/(-4))?
1
Let b = 20 + 9. What is the units digit of b?
9
Suppose -5*o = -25, 0*o - 5*o = 5*x - 50. Let s(f) = -8 - 8 + x*f**2 - 4*f**2 + 9*f. What is the units digit of s(-11)?
6
Let p(z) = z**2 - 9*z + 16. Let t be p(7). Let x = 0 + 0. Suppose 3*y = -4*w - t*y + 49, x = 5*w + 4*y - 68. What is the tens digit of w?
1
Let n(u) = 5*u. Let t(a) be the third derivative of -a**6/120 + a**5/15 + a**4/6 + a**3 + 2*a**2. Let k be t(5). What is the units digit of n(k)?
5
Let n = 135 + -95. What is the units digit of n?
0
Suppose 1 = 2*t - 9. Suppose -2*b = -0*b - t*c - 39, -b + 4*c = -24. Suppose 2*u = -u + b. What is the units digit of u?
4
What is the units digit of (-1*3)/(18/(-78))?
3
Suppose -3*h + 3 = 5*a, -4*a = -0*h + h - 1. Suppose -28 = l - a*l. What is the units digit of (-47)/(-7) + (-8)/l?
7
Suppose 129 = 3*y - 45. What is the units digit of y?
8
Let i be (-95)/20 + (-1)/4. Let v(x) = -x**2 - 6*x - 3. Let g be v(i). Let w = 11 - g. What is the units digit of w?
9
Let u be -7*3 - (4 - 4). Let c = u - -15. What is the units digit of ((-6)/18)/(2/c)?
1
Suppose -d + 6 = -1. Suppose 4*v + 8 + d = -5*i, 5*i + 3*v = -15. Let n = 7 + i. What is the units digit of n?
4
Let o be 8 + 6 - (-1 + -1). Suppose o = -0*y + y. What is the tens digit of y?
1
Suppose -4 = -5*x + 6. What is the units digit of ((-1)/x)/((-2)/4)?
1
Let j(f) = -14*f - 21. What is the tens digit of j(-6)?
6
Suppose -3*o + 44 = -85. What is the tens digit of o?
4
Suppose -12 = -3*n, t = -4*n + 4 + 12. Suppose -2*r + 64 = -t*r. Suppose -r = -4*v + 8. What is the tens digit of v?
1
Suppose -2*i + 8 = 4*o - 6, 10 = 2*o + 4*i. Suppose -4 = -2*d - 0*d. Let q = d + o. What is the units digit of q?
5
Suppose -3*x + 214 = -62. What is the tens digit of x?
9
Suppose 0 = 4*z + 18 - 106. What is the units digit of z?
2
Suppose 2*k - 80 = -6. What is the units digit of k?
7
Let s(l) = -l**3 + 3*l**2 + 5*l - 4. Let n be s(3). Suppose 2*m - 29 = 5*o, m - n = -m - o. What is the units digit of m?
7
Suppose -1462 = -12*p + 722. What is the tens digit of p?
8
Let x = 25 + -18. Let w(i) = i**2 - 8*i + 9. What is the units digit of w(x)?
2
Let o(k) = 3*k**2 + 1. Let c = 4 + -6. Let l be o(c). Suppose 2*v = 9 + l. What is the tens digit of v?
1
Let q be (-2)/14 + 36/7. Suppose -2*f + 168 = q*m - f, m - 2*f = 38. What is the units digit of m?
4
Suppose 5*i - 310 = -5*u, 5*u - 2*i = 208 + 123. What is the units digit of u?
5
Let x = -3 + 2. Let n be 1/((-1)/x) + 1. What is the units digit of 3/3*2/n?
1
Suppose -4*s + 146 = -138. What is the units digit of s?
1
Let x(o) = 8*o**2 - o + 1. Let i be x(1). Suppose 3*s - i*s - 5*u = -5, 2*u = 2*s - 10. What is the units digit of s?
3
Let f(z) = -2*z - 3. Let n be f(-4). Let c = n - 2. Suppose -27 + 9 = -c*g. What is the units digit of g?
6
Let f(v) = v**2 + 2*v - 5. Let w(i) = -i + 2. Let o be w(6). Let l be f(o). Suppose -b = -l*h + 2*h + 9, 3*h - 42 = -2*b. What is the tens digit of h?
1
Let l = 14 - 7. Let w = -86 + 97. Suppose -c + l = -w. What is the tens digit of c?
1
Let g be (-2)/13 + 2592/117. Suppose 4*p - g = 2*p + 3*b, 2*p + b = 14. What is the units digit of p?
8
Let l(w) = -w**2. Let g be l(3). Let j = 14 + g. Let y = j + -3. What is the units digit of y?
2
Suppose 70*n = 66*n + 436. What is the hundreds digit of n?
1
Suppose d - 2*d + 3*o = 2, -2*o - 29 = -3*d. What is the tens digit of d?
1
Let n(z) = 1 + 3*z**2 + 0*z**2 + z**2 - 3*z**2. What is the units digit of n(1)?
2
Let o = 92 - 13. Let q = -36 + o. What is the units digit of q?
3
Let j = 15 + -10. What is the units digit of j?
5
Suppose -k - 201 = -4*k. What is the units digit of k?
7
Let f(i) = -i**2 + 3*i - 10. Let g be f(-9). Let t = -79 - g. What is the units digit of t?
9
Let c = -54 + 100. What is the tens digit of c?
4
Let j(h) = h**2 - 9*h - 15. Let a be j(11). Let b = 8 - a. What is the units digit of b?
1
Suppose -2*f - 3*t + 156 + 118 = 0, 2*f - 5*t = 290. What is the units digit of f?
0
Let c = -52 - -183. What is the units digit of c?
1
Let m(k) = 2*k**2 - 3*k - 7. Let o be m(-3). Suppose 2*y + o = 48. What is the units digit of y?
4
Suppose 4*o + 16 = -2*m, 8 = -4*m - o + 5*o. Let y be 4/(-6)*(m + 1). Let n(w) = -w**3 + 2*w**2 + 3*w - 2. What is the units digit of n(y)?
4
Suppose -4*y + 4*i - 24 = 0, -y - 2*i - 21 = -0*i. Let z = -5 - y. What is the units digit of z?
6
Let m = -220 - -382. What is the hundreds digit of m?
1
Let c be (-6)/(-4)*(-6 - -2). Let a(s) = s + 1. Let h(p) = -2*p - 4. Let f(l) = -3*a(l) - h(l). What is the units digit of f(c)?
7
Let f = -21 + 27. What is the units digit of f?
6
Suppose 0 = 4*l - 2*m + 14, 5*l - 5*m + 12 = -8. Let j(i) = -7*i - 3. Let a(h) = -4*h - 2. Let u(x) = l*j(x) + 5*a(x). What is the units digit of u(6)?
5
Let s = 9 + -7. Let g be s/(-1) - (-3 + -33). Let d = g + -20. What is the tens digit of d?
1
Let u = -25 - -43. What is the tens digit of u?
1
What is the tens digit of (-3)/(-2)*902/33?
4
Let a = 19 - 16. Suppose a*t = -12 + 33. What is the units digit of t?
7
Let r be (-2)/(-1) - (2 + -3). Suppose -r*h = h + 32. Let j = -2 - h. What is the units digit of j?
6
Suppose 5*x = x + 108. Suppose 3*i - x = 30. What is the units digit of i?
9
Let s(u) = -14*u - 9. Let w(d) = 7*d + 4. Let x(q) = 3*s(q) + 5*w(q). What is the tens digit of x(-5)?
2
Let m be (6/(-8))/(-1)*40. Suppose 0 = 3*k - 3*u + 9, 0*k - 2*u - m = 4*k. What is the units digit of (3*k)/(-2 - 0)?
9
Let r be (2/2)/(4/(-24)). Let q = -4 - r. Suppose -a - 4*a + 4*y = -20, 0 = q*a - 5*y + 9. What is the units digit of a?
8
Suppose 2*d = -u + 124, -3*u = -0*u - d - 372. What is the hundreds digit of u?
1
Let j = -4 - -7. What is the units digit of -18*(-1)/(j/1)?
6
Let w = 16 - 1. Suppose -w = 5*x, 3*j + 0*x = 5*x + 126. What is the tens digit of j?
3
Suppose -4 + 1 = -d - 3*h, 3 = d - 4*h. Suppose 8 = -5*a - d*y, 5 = -8*y + 3*y. Let q = 1 - a. What is the units digit of q?
2
Let s be (-2 - 88) + (1 - 4). What is the units digit of s/(-9) + 1/(-3)?
0
Let z(l) = 18 - l**2 + 0 + 8. What is the tens digit of z(0)?
2
Suppose -3*q + 5*m + 94 =